{"id":476,"date":"2025-08-26T12:44:23","date_gmt":"2025-08-26T10:44:23","guid":{"rendered":"https:\/\/mysakids.ch\/?page_id=476"},"modified":"2026-02-06T12:51:21","modified_gmt":"2026-02-06T11:51:21","slug":"acceuil","status":"publish","type":"page","link":"https:\/\/www.mysakids.ch\/","title":{"rendered":"Acceuil"},"content":{"rendered":"\t\t<div data-elementor-type=\"wp-page\" data-elementor-id=\"476\" class=\"elementor elementor-476\" data-elementor-post-type=\"page\">\n\t\t\t\t\t\t<section class=\"elementor-section elementor-top-section elementor-element elementor-element-3d23c1fc elementor-section-boxed elementor-section-height-default elementor-section-height-default\" data-id=\"3d23c1fc\" data-element_type=\"section\" data-e-type=\"section\" data-settings=\"{&quot;background_background&quot;:&quot;classic&quot;}\">\n\t\t\t\t\t\t<div class=\"elementor-container elementor-column-gap-default\">\n\t\t\t\t\t<div class=\"elementor-column elementor-col-100 elementor-top-column elementor-element elementor-element-70b7f9a4\" data-id=\"70b7f9a4\" data-element_type=\"column\" data-e-type=\"column\">\n\t\t\t<div class=\"elementor-widget-wrap elementor-element-populated\">\n\t\t\t\t\t\t<div class=\"elementor-element elementor-element-c8d84ab elementor-widget elementor-widget-image\" data-id=\"c8d84ab\" data-element_type=\"widget\" data-e-type=\"widget\" data-widget_type=\"image.default\">\n\t\t\t\t\t\t\t\t\t\t\t\t\t\t\t<img fetchpriority=\"high\" decoding=\"async\" width=\"1024\" height=\"683\" src=\"https:\/\/www.mysakids.ch\/wp-content\/uploads\/2026\/01\/ChatGPT-Image-19-janv.-2026-13_54_47-1024x683.png\" class=\"attachment-large size-large wp-image-1336\" alt=\"\" srcset=\"https:\/\/www.mysakids.ch\/wp-content\/uploads\/2026\/01\/ChatGPT-Image-19-janv.-2026-13_54_47-1024x683.png 1024w, https:\/\/www.mysakids.ch\/wp-content\/uploads\/2026\/01\/ChatGPT-Image-19-janv.-2026-13_54_47-300x200.png 300w, https:\/\/www.mysakids.ch\/wp-content\/uploads\/2026\/01\/ChatGPT-Image-19-janv.-2026-13_54_47-768x512.png 768w, https:\/\/www.mysakids.ch\/wp-content\/uploads\/2026\/01\/ChatGPT-Image-19-janv.-2026-13_54_47-1140x760.png 1140w, https:\/\/www.mysakids.ch\/wp-content\/uploads\/2026\/01\/ChatGPT-Image-19-janv.-2026-13_54_47-920x613.png 920w, https:\/\/www.mysakids.ch\/wp-content\/uploads\/2026\/01\/ChatGPT-Image-19-janv.-2026-13_54_47-575x383.png 575w, https:\/\/www.mysakids.ch\/wp-content\/uploads\/2026\/01\/ChatGPT-Image-19-janv.-2026-13_54_47-380x253.png 380w, https:\/\/www.mysakids.ch\/wp-content\/uploads\/2026\/01\/ChatGPT-Image-19-janv.-2026-13_54_47-420x280.png 420w, https:\/\/www.mysakids.ch\/wp-content\/uploads\/2026\/01\/ChatGPT-Image-19-janv.-2026-13_54_47-800x533.png 800w, https:\/\/www.mysakids.ch\/wp-content\/uploads\/2026\/01\/ChatGPT-Image-19-janv.-2026-13_54_47-80x53.png 80w, https:\/\/www.mysakids.ch\/wp-content\/uploads\/2026\/01\/ChatGPT-Image-19-janv.-2026-13_54_47.png 1536w\" sizes=\"(max-width: 1024px) 100vw, 1024px\" \/>\t\t\t\t\t\t\t\t\t\t\t\t\t\t\t<\/div>\n\t\t\t\t<div class=\"elementor-element elementor-element-885f7e9 elementor-widget elementor-widget-heading\" data-id=\"885f7e9\" data-element_type=\"widget\" data-e-type=\"widget\" data-widget_type=\"heading.default\">\n\t\t\t\t\t<h3 class=\"elementor-heading-title elementor-size-default\">La cuisine maison pour familles press\u00e9es<\/h3>\t\t\t\t<\/div>\n\t\t\t\t<div class=\"elementor-element elementor-element-4ffb988 elementor-widget elementor-widget-text-editor\" data-id=\"4ffb988\" data-element_type=\"widget\" data-e-type=\"widget\" data-widget_type=\"text-editor.default\">\n\t\t\t\t\t\t\t\t\t<p style=\"text-align: center; color: #6b635e;\"><strong><em>\u00a0\u00bb <\/em><\/strong><strong><em>Batchcooking \u00e0 domicile \u00b7 Repas sains et familiaux, Gen\u00e8ve et alentours \u00ab\u00a0<\/em><\/strong><\/p>\t\t\t\t\t\t\t\t<\/div>\n\t\t\t\t\t<\/div>\n\t\t<\/div>\n\t\t\t\t\t<\/div>\n\t\t<\/section>\n\t\t\t\t<section class=\"elementor-section elementor-top-section elementor-element elementor-element-63b68d93 elementor-section-boxed elementor-section-height-default elementor-section-height-default\" data-id=\"63b68d93\" data-element_type=\"section\" data-e-type=\"section\" data-settings=\"{&quot;background_background&quot;:&quot;classic&quot;}\">\n\t\t\t\t\t\t<div class=\"elementor-container elementor-column-gap-default\">\n\t\t\t\t\t<div class=\"elementor-column elementor-col-50 elementor-top-column elementor-element elementor-element-405af7ac\" data-id=\"405af7ac\" data-element_type=\"column\" data-e-type=\"column\">\n\t\t\t<div class=\"elementor-widget-wrap elementor-element-populated\">\n\t\t\t\t\t\t<div class=\"elementor-element elementor-element-e6841f7 elementor-widget elementor-widget-image\" data-id=\"e6841f7\" data-element_type=\"widget\" data-e-type=\"widget\" data-widget_type=\"image.default\">\n\t\t\t\t\t\t\t\t\t\t\t\t\t\t\t<img decoding=\"async\" width=\"420\" height=\"472\" src=\"https:\/\/www.mysakids.ch\/wp-content\/uploads\/2025\/10\/julie-suissa-nutritioniste-420x472.jpg\" class=\"attachment-woocommerce_thumbnail size-woocommerce_thumbnail wp-image-1212\" alt=\"\" srcset=\"https:\/\/www.mysakids.ch\/wp-content\/uploads\/2025\/10\/julie-suissa-nutritioniste-420x472.jpg 420w, https:\/\/www.mysakids.ch\/wp-content\/uploads\/2025\/10\/julie-suissa-nutritioniste-267x300.jpg 267w, https:\/\/www.mysakids.ch\/wp-content\/uploads\/2025\/10\/julie-suissa-nutritioniste-911x1024.jpg 911w, https:\/\/www.mysakids.ch\/wp-content\/uploads\/2025\/10\/julie-suissa-nutritioniste-768x863.jpg 768w, https:\/\/www.mysakids.ch\/wp-content\/uploads\/2025\/10\/julie-suissa-nutritioniste-1367x1536.jpg 1367w, https:\/\/www.mysakids.ch\/wp-content\/uploads\/2025\/10\/julie-suissa-nutritioniste-1822x2048.jpg 1822w, https:\/\/www.mysakids.ch\/wp-content\/uploads\/2025\/10\/julie-suissa-nutritioniste-1140x1281.jpg 1140w, https:\/\/www.mysakids.ch\/wp-content\/uploads\/2025\/10\/julie-suissa-nutritioniste-920x1034.jpg 920w, https:\/\/www.mysakids.ch\/wp-content\/uploads\/2025\/10\/julie-suissa-nutritioniste-575x646.jpg 575w, https:\/\/www.mysakids.ch\/wp-content\/uploads\/2025\/10\/julie-suissa-nutritioniste-380x427.jpg 380w, https:\/\/www.mysakids.ch\/wp-content\/uploads\/2025\/10\/julie-suissa-nutritioniste-800x899.jpg 800w, https:\/\/www.mysakids.ch\/wp-content\/uploads\/2025\/10\/julie-suissa-nutritioniste-80x90.jpg 80w\" sizes=\"(max-width: 420px) 100vw, 420px\" \/>\t\t\t\t\t\t\t\t\t\t\t\t\t\t\t<\/div>\n\t\t\t\t\t<\/div>\n\t\t<\/div>\n\t\t\t\t<div class=\"elementor-column elementor-col-50 elementor-top-column elementor-element elementor-element-3dd51ee6\" data-id=\"3dd51ee6\" data-element_type=\"column\" data-e-type=\"column\">\n\t\t\t<div class=\"elementor-widget-wrap elementor-element-populated\">\n\t\t\t\t\t\t<div class=\"elementor-element elementor-element-13eb3a70 elementor-widget elementor-widget-heading\" data-id=\"13eb3a70\" data-element_type=\"widget\" data-e-type=\"widget\" data-widget_type=\"heading.default\">\n\t\t\t\t\t<h2 class=\"elementor-heading-title elementor-size-default\">Qui suis-je ?<\/h2>\t\t\t\t<\/div>\n\t\t\t\t<div class=\"elementor-element elementor-element-4e6bf86c elementor-widget elementor-widget-text-editor\" data-id=\"4e6bf86c\" data-element_type=\"widget\" data-e-type=\"widget\" data-widget_type=\"text-editor.default\">\n\t\t\t\t\t\t\t\t\t<p>Je suis Julie, cheffe \u00e0 domicile et nutritionniste p\u00e9diatrique \u00e0 Gen\u00e8ve. Maman de deux jeunes enfants, j\u2019ai cr\u00e9\u00e9 MYSA Family Food pour accompagner les familles dans leur quotidien. Mon objectif ? Vous faire gagner du temps tout en prenant soin de la sant\u00e9 et du plaisir de vos enfants \u00e0 table.<\/p>\t\t\t\t\t\t\t\t<\/div>\n\t\t\t\t\t<\/div>\n\t\t<\/div>\n\t\t\t\t\t<\/div>\n\t\t<\/section>\n\t\t\t\t<section class=\"elementor-section elementor-top-section elementor-element elementor-element-37b92472 elementor-section-boxed elementor-section-height-default elementor-section-height-default\" data-id=\"37b92472\" data-element_type=\"section\" data-e-type=\"section\" data-settings=\"{&quot;background_background&quot;:&quot;classic&quot;}\">\n\t\t\t\t\t\t<div class=\"elementor-container elementor-column-gap-wider\">\n\t\t\t\t\t\t<\/div>\n\t\t<\/section>\n\t\t\t\t<section class=\"elementor-section elementor-top-section elementor-element elementor-element-11e1a73f elementor-section-boxed elementor-section-height-default elementor-section-height-default\" data-id=\"11e1a73f\" data-element_type=\"section\" data-e-type=\"section\" data-settings=\"{&quot;background_background&quot;:&quot;classic&quot;}\">\n\t\t\t\t\t\t<div class=\"elementor-container elementor-column-gap-default\">\n\t\t\t\t\t<div class=\"elementor-column elementor-col-33 elementor-top-column elementor-element elementor-element-36fc3eb\" data-id=\"36fc3eb\" data-element_type=\"column\" data-e-type=\"column\">\n\t\t\t<div class=\"elementor-widget-wrap elementor-element-populated\">\n\t\t\t\t\t\t<div class=\"elementor-element elementor-element-3b73d478 elementor-widget elementor-widget-image\" data-id=\"3b73d478\" data-element_type=\"widget\" data-e-type=\"widget\" data-widget_type=\"image.default\">\n\t\t\t\t\t\t\t\t\t\t\t\t\t\t\t<img decoding=\"async\" width=\"1317\" height=\"871\" src=\"https:\/\/www.mysakids.ch\/wp-content\/uploads\/2025\/10\/Mysa-04.jpg\" class=\"attachment-full size-full wp-image-1165\" alt=\"\" srcset=\"https:\/\/www.mysakids.ch\/wp-content\/uploads\/2025\/10\/Mysa-04.jpg 1317w, https:\/\/www.mysakids.ch\/wp-content\/uploads\/2025\/10\/Mysa-04-300x198.jpg 300w, https:\/\/www.mysakids.ch\/wp-content\/uploads\/2025\/10\/Mysa-04-1024x677.jpg 1024w, https:\/\/www.mysakids.ch\/wp-content\/uploads\/2025\/10\/Mysa-04-768x508.jpg 768w, https:\/\/www.mysakids.ch\/wp-content\/uploads\/2025\/10\/Mysa-04-1140x754.jpg 1140w, https:\/\/www.mysakids.ch\/wp-content\/uploads\/2025\/10\/Mysa-04-920x608.jpg 920w, https:\/\/www.mysakids.ch\/wp-content\/uploads\/2025\/10\/Mysa-04-575x380.jpg 575w, https:\/\/www.mysakids.ch\/wp-content\/uploads\/2025\/10\/Mysa-04-380x251.jpg 380w, https:\/\/www.mysakids.ch\/wp-content\/uploads\/2025\/10\/Mysa-04-420x278.jpg 420w, https:\/\/www.mysakids.ch\/wp-content\/uploads\/2025\/10\/Mysa-04-800x529.jpg 800w, https:\/\/www.mysakids.ch\/wp-content\/uploads\/2025\/10\/Mysa-04-80x53.jpg 80w\" sizes=\"(max-width: 1317px) 100vw, 1317px\" \/>\t\t\t\t\t\t\t\t\t\t\t\t\t\t\t<\/div>\n\t\t\t\t<div class=\"elementor-element elementor-element-1d484627 elementor-widget elementor-widget-text-editor\" data-id=\"1d484627\" data-element_type=\"widget\" data-e-type=\"widget\" data-widget_type=\"text-editor.default\">\n\t\t\t\t\t\t\t\t\t<p style='text-align:center;font-weight:600'>Cheffe \u00e0 domicile<\/p>\t\t\t\t\t\t\t\t<\/div>\n\t\t\t\t\t<\/div>\n\t\t<\/div>\n\t\t\t\t<div class=\"elementor-column elementor-col-33 elementor-top-column elementor-element elementor-element-21a4a8e5\" data-id=\"21a4a8e5\" data-element_type=\"column\" data-e-type=\"column\">\n\t\t\t<div class=\"elementor-widget-wrap elementor-element-populated\">\n\t\t\t\t\t\t<div class=\"elementor-element elementor-element-bd4cfe3 elementor-widget elementor-widget-image\" data-id=\"bd4cfe3\" data-element_type=\"widget\" data-e-type=\"widget\" data-widget_type=\"image.default\">\n\t\t\t\t\t\t\t\t\t\t\t\t\t\t\t<img loading=\"lazy\" decoding=\"async\" width=\"1317\" height=\"871\" src=\"https:\/\/www.mysakids.ch\/wp-content\/uploads\/2025\/10\/Mysa-05.jpg\" class=\"attachment-full size-full wp-image-1166\" alt=\"\" srcset=\"https:\/\/www.mysakids.ch\/wp-content\/uploads\/2025\/10\/Mysa-05.jpg 1317w, https:\/\/www.mysakids.ch\/wp-content\/uploads\/2025\/10\/Mysa-05-300x198.jpg 300w, https:\/\/www.mysakids.ch\/wp-content\/uploads\/2025\/10\/Mysa-05-1024x677.jpg 1024w, https:\/\/www.mysakids.ch\/wp-content\/uploads\/2025\/10\/Mysa-05-768x508.jpg 768w, https:\/\/www.mysakids.ch\/wp-content\/uploads\/2025\/10\/Mysa-05-1140x754.jpg 1140w, https:\/\/www.mysakids.ch\/wp-content\/uploads\/2025\/10\/Mysa-05-920x608.jpg 920w, https:\/\/www.mysakids.ch\/wp-content\/uploads\/2025\/10\/Mysa-05-575x380.jpg 575w, https:\/\/www.mysakids.ch\/wp-content\/uploads\/2025\/10\/Mysa-05-380x251.jpg 380w, https:\/\/www.mysakids.ch\/wp-content\/uploads\/2025\/10\/Mysa-05-420x278.jpg 420w, https:\/\/www.mysakids.ch\/wp-content\/uploads\/2025\/10\/Mysa-05-800x529.jpg 800w, https:\/\/www.mysakids.ch\/wp-content\/uploads\/2025\/10\/Mysa-05-80x53.jpg 80w\" sizes=\"(max-width: 1317px) 100vw, 1317px\" \/>\t\t\t\t\t\t\t\t\t\t\t\t\t\t\t<\/div>\n\t\t\t\t<div class=\"elementor-element elementor-element-103648de elementor-widget elementor-widget-text-editor\" data-id=\"103648de\" data-element_type=\"widget\" data-e-type=\"widget\" data-widget_type=\"text-editor.default\">\n\t\t\t\t\t\t\t\t\t<p style='text-align:center;font-weight:600'>Nutrition p\u00e9diatrique<\/p>\t\t\t\t\t\t\t\t<\/div>\n\t\t\t\t\t<\/div>\n\t\t<\/div>\n\t\t\t\t<div class=\"elementor-column elementor-col-33 elementor-top-column elementor-element elementor-element-60cdc3e3\" data-id=\"60cdc3e3\" data-element_type=\"column\" data-e-type=\"column\">\n\t\t\t<div class=\"elementor-widget-wrap elementor-element-populated\">\n\t\t\t\t\t\t<div class=\"elementor-element elementor-element-60e0f547 elementor-widget elementor-widget-image\" data-id=\"60e0f547\" data-element_type=\"widget\" data-e-type=\"widget\" data-widget_type=\"image.default\">\n\t\t\t\t\t\t\t\t\t\t\t\t\t\t\t<img loading=\"lazy\" decoding=\"async\" width=\"1317\" height=\"871\" src=\"https:\/\/www.mysakids.ch\/wp-content\/uploads\/2025\/10\/Mysa-06.jpg\" class=\"attachment-full size-full wp-image-1167\" alt=\"\" srcset=\"https:\/\/www.mysakids.ch\/wp-content\/uploads\/2025\/10\/Mysa-06.jpg 1317w, https:\/\/www.mysakids.ch\/wp-content\/uploads\/2025\/10\/Mysa-06-300x198.jpg 300w, https:\/\/www.mysakids.ch\/wp-content\/uploads\/2025\/10\/Mysa-06-1024x677.jpg 1024w, https:\/\/www.mysakids.ch\/wp-content\/uploads\/2025\/10\/Mysa-06-768x508.jpg 768w, https:\/\/www.mysakids.ch\/wp-content\/uploads\/2025\/10\/Mysa-06-1140x754.jpg 1140w, https:\/\/www.mysakids.ch\/wp-content\/uploads\/2025\/10\/Mysa-06-920x608.jpg 920w, https:\/\/www.mysakids.ch\/wp-content\/uploads\/2025\/10\/Mysa-06-575x380.jpg 575w, https:\/\/www.mysakids.ch\/wp-content\/uploads\/2025\/10\/Mysa-06-380x251.jpg 380w, https:\/\/www.mysakids.ch\/wp-content\/uploads\/2025\/10\/Mysa-06-420x278.jpg 420w, https:\/\/www.mysakids.ch\/wp-content\/uploads\/2025\/10\/Mysa-06-800x529.jpg 800w, https:\/\/www.mysakids.ch\/wp-content\/uploads\/2025\/10\/Mysa-06-80x53.jpg 80w\" sizes=\"(max-width: 1317px) 100vw, 1317px\" \/>\t\t\t\t\t\t\t\t\t\t\t\t\t\t\t<\/div>\n\t\t\t\t<div class=\"elementor-element elementor-element-6cfe235c elementor-widget elementor-widget-text-editor\" data-id=\"6cfe235c\" data-element_type=\"widget\" data-e-type=\"widget\" data-widget_type=\"text-editor.default\">\n\t\t\t\t\t\t\t\t\t<p style=\"text-align: center; font-weight: 600;\">Go\u00fbters sur option<\/p>\t\t\t\t\t\t\t\t<\/div>\n\t\t\t\t\t<\/div>\n\t\t<\/div>\n\t\t\t\t\t<\/div>\n\t\t<\/section>\n\t\t\t\t<section class=\"elementor-section elementor-top-section elementor-element elementor-element-48a3ad56 elementor-section-boxed elementor-section-height-default elementor-section-height-default\" data-id=\"48a3ad56\" data-element_type=\"section\" data-e-type=\"section\" data-settings=\"{&quot;background_background&quot;:&quot;classic&quot;}\">\n\t\t\t\t\t\t<div class=\"elementor-container elementor-column-gap-default\">\n\t\t\t\t\t<div class=\"elementor-column elementor-col-100 elementor-top-column elementor-element elementor-element-77d10edd\" data-id=\"77d10edd\" data-element_type=\"column\" data-e-type=\"column\">\n\t\t\t<div class=\"elementor-widget-wrap elementor-element-populated\">\n\t\t\t\t\t\t<div class=\"elementor-element elementor-element-f6c6288 elementor-widget elementor-widget-heading\" data-id=\"f6c6288\" data-element_type=\"widget\" data-e-type=\"widget\" data-widget_type=\"heading.default\">\n\t\t\t\t\t<h2 class=\"elementor-heading-title elementor-size-default\">Comment \u00e7a marche<\/h2>\t\t\t\t<\/div>\n\t\t\t\t<div class=\"elementor-element elementor-element-26172c6e elementor-widget elementor-widget-text-editor\" data-id=\"26172c6e\" data-element_type=\"widget\" data-e-type=\"widget\" data-widget_type=\"text-editor.default\">\n\t\t\t\t\t\t\t\t\t<ol style=\"max-width: 860px; margin: 10px auto;\"><li>R\u00e9servez votre cr\u00e9neau<\/li><li>Envoi d&rsquo;un questionnaire rapide<\/li><li>Envoi liste de course<\/li><li>Arriver chez vous avec certains de mes ustensiles<\/li><li>Cuisine r\u00e9aliser en 3h environ, frigo rempli<\/li><\/ol><p style=\"text-align: center;\"><em>+ Option courses disponible (Sur demande)<\/em><\/p>\t\t\t\t\t\t\t\t<\/div>\n\t\t\t\t\t<\/div>\n\t\t<\/div>\n\t\t\t\t\t<\/div>\n\t\t<\/section>\n\t\t\t\t<section class=\"elementor-section elementor-top-section elementor-element elementor-element-3ee921df elementor-section-boxed elementor-section-height-default elementor-section-height-default\" data-id=\"3ee921df\" data-element_type=\"section\" data-e-type=\"section\" data-settings=\"{&quot;background_background&quot;:&quot;classic&quot;}\">\n\t\t\t\t\t\t<div class=\"elementor-container elementor-column-gap-default\">\n\t\t\t\t\t<div class=\"elementor-column elementor-col-100 elementor-top-column elementor-element elementor-element-6f8fb1e6\" data-id=\"6f8fb1e6\" data-element_type=\"column\" data-e-type=\"column\">\n\t\t\t<div class=\"elementor-widget-wrap elementor-element-populated\">\n\t\t\t\t\t\t<div class=\"elementor-element elementor-element-5ed28378 elementor-widget elementor-widget-heading\" data-id=\"5ed28378\" data-element_type=\"widget\" data-e-type=\"widget\" data-widget_type=\"heading.default\">\n\t\t\t\t\t<h2 class=\"elementor-heading-title elementor-size-default\">Pour qui ?<\/h2>\t\t\t\t<\/div>\n\t\t\t\t<div class=\"elementor-element elementor-element-7dd9d42f elementor-icon-list--layout-traditional elementor-list-item-link-full_width elementor-widget elementor-widget-icon-list\" data-id=\"7dd9d42f\" data-element_type=\"widget\" data-e-type=\"widget\" data-widget_type=\"icon-list.default\">\n\t\t\t\t\t\t\t<ul class=\"elementor-icon-list-items\">\n\t\t\t\t\t\t\t<li class=\"elementor-icon-list-item\">\n\t\t\t\t\t\t\t\t\t\t\t<span class=\"elementor-icon-list-icon\">\n\t\t\t\t\t\t\t<svg aria-hidden=\"true\" class=\"e-font-icon-svg e-fas-user-clock\" viewBox=\"0 0 640 512\" xmlns=\"http:\/\/www.w3.org\/2000\/svg\"><path d=\"M496 224c-79.6 0-144 64.4-144 144s64.4 144 144 144 144-64.4 144-144-64.4-144-144-144zm64 150.3c0 5.3-4.4 9.7-9.7 9.7h-60.6c-5.3 0-9.7-4.4-9.7-9.7v-76.6c0-5.3 4.4-9.7 9.7-9.7h12.6c5.3 0 9.7 4.4 9.7 9.7V352h38.3c5.3 0 9.7 4.4 9.7 9.7v12.6zM320 368c0-27.8 6.7-54.1 18.2-77.5-8-1.5-16.2-2.5-24.6-2.5h-16.7c-22.2 10.2-46.9 16-72.9 16s-50.6-5.8-72.9-16h-16.7C60.2 288 0 348.2 0 422.4V464c0 26.5 21.5 48 48 48h347.1c-45.3-31.9-75.1-84.5-75.1-144zm-96-112c70.7 0 128-57.3 128-128S294.7 0 224 0 96 57.3 96 128s57.3 128 128 128z\"><\/path><\/svg>\t\t\t\t\t\t<\/span>\n\t\t\t\t\t\t\t\t\t\t<span class=\"elementor-icon-list-text\">Parents d\u00e9bord\u00e9s souhaitant d\u00e9l\u00e9guer la cuisine<\/span>\n\t\t\t\t\t\t\t\t\t<\/li>\n\t\t\t\t\t\t\t\t<li class=\"elementor-icon-list-item\">\n\t\t\t\t\t\t\t\t\t\t\t<span class=\"elementor-icon-list-icon\">\n\t\t\t\t\t\t\t<svg aria-hidden=\"true\" class=\"e-font-icon-svg e-fas-heart\" viewBox=\"0 0 512 512\" xmlns=\"http:\/\/www.w3.org\/2000\/svg\"><path d=\"M462.3 62.6C407.5 15.9 326 24.3 275.7 76.2L256 96.5l-19.7-20.3C186.1 24.3 104.5 15.9 49.7 62.6c-62.8 53.6-66.1 149.8-9.9 207.9l193.5 199.8c12.5 12.9 32.8 12.9 45.3 0l193.5-199.8c56.3-58.1 53-154.3-9.8-207.9z\"><\/path><\/svg>\t\t\t\t\t\t<\/span>\n\t\t\t\t\t\t\t\t\t\t<span class=\"elementor-icon-list-text\">Familles avec enfants s\u00e9lectifs ou allergiques<\/span>\n\t\t\t\t\t\t\t\t\t<\/li>\n\t\t\t\t\t\t\t\t<li class=\"elementor-icon-list-item\">\n\t\t\t\t\t\t\t\t\t\t\t<span class=\"elementor-icon-list-icon\">\n\t\t\t\t\t\t\t<svg aria-hidden=\"true\" class=\"e-font-icon-svg e-fas-baby\" viewBox=\"0 0 384 512\" xmlns=\"http:\/\/www.w3.org\/2000\/svg\"><path d=\"M192 160c44.2 0 80-35.8 80-80S236.2 0 192 0s-80 35.8-80 80 35.8 80 80 80zm-53.4 248.8l25.6-32-61.5-51.2L56.8 383c-11.4 14.2-11.7 34.4-.8 49l48 64c7.9 10.5 19.9 16 32 16 8.3 0 16.8-2.6 24-8 17.7-13.2 21.2-38.3 8-56l-29.4-39.2zm142.7-83.2l-61.5 51.2 25.6 32L216 448c-13.2 17.7-9.7 42.8 8 56 7.2 5.4 15.6 8 24 8 12.2 0 24.2-5.5 32-16l48-64c10.9-14.6 10.6-34.8-.8-49l-45.9-57.4zM376.7 145c-12.7-18.1-37.6-22.4-55.7-9.8l-40.6 28.5c-52.7 37-124.2 37-176.8 0L63 135.3C44.9 122.6 20 127 7.3 145-5.4 163.1-1 188 17 200.7l40.6 28.5c17 11.9 35.4 20.9 54.4 27.9V288h160v-30.8c19-7 37.4-16 54.4-27.9l40.6-28.5c18.1-12.8 22.4-37.7 9.7-55.8z\"><\/path><\/svg>\t\t\t\t\t\t<\/span>\n\t\t\t\t\t\t\t\t\t\t<span class=\"elementor-icon-list-text\">Jeunes parents, convalescence<\/span>\n\t\t\t\t\t\t\t\t\t<\/li>\n\t\t\t\t\t\t\t\t<li class=\"elementor-icon-list-item\">\n\t\t\t\t\t\t\t\t\t\t\t<span class=\"elementor-icon-list-icon\">\n\t\t\t\t\t\t\t<svg aria-hidden=\"true\" class=\"e-font-icon-svg e-fas-home\" viewBox=\"0 0 576 512\" xmlns=\"http:\/\/www.w3.org\/2000\/svg\"><path d=\"M280.37 148.26L96 300.11V464a16 16 0 0 0 16 16l112.06-.29a16 16 0 0 0 15.92-16V368a16 16 0 0 1 16-16h64a16 16 0 0 1 16 16v95.64a16 16 0 0 0 16 16.05L464 480a16 16 0 0 0 16-16V300L295.67 148.26a12.19 12.19 0 0 0-15.3 0zM571.6 251.47L488 182.56V44.05a12 12 0 0 0-12-12h-56a12 12 0 0 0-12 12v72.61L318.47 43a48 48 0 0 0-61 0L4.34 251.47a12 12 0 0 0-1.6 16.9l25.5 31A12 12 0 0 0 45.15 301l235.22-193.74a12.19 12.19 0 0 1 15.3 0L530.9 301a12 12 0 0 0 16.9-1.6l25.5-31a12 12 0 0 0-1.7-16.93z\"><\/path><\/svg>\t\t\t\t\t\t<\/span>\n\t\t\t\t\t\t\t\t\t\t<span class=\"elementor-icon-list-text\">Toute personne voulant manger maison sans cuisiner<\/span>\n\t\t\t\t\t\t\t\t\t<\/li>\n\t\t\t\t\t\t<\/ul>\n\t\t\t\t\t\t<\/div>\n\t\t\t\t\t<\/div>\n\t\t<\/div>\n\t\t\t\t\t<\/div>\n\t\t<\/section>\n\t\t\t\t<\/div>\n\t\t","protected":false},"excerpt":{"rendered":"<p>La cuisine maison pour familles press\u00e9es \u00a0\u00bb Batchcooking \u00e0 domicile \u00b7 Repas sains et familiaux, Gen\u00e8ve et alentours \u00ab\u00a0 Qui suis-je ? Je suis Julie, cheffe \u00e0 domicile et nutritionniste [&hellip;]<\/p>\n","protected":false},"author":1,"featured_media":0,"parent":0,"menu_order":0,"comment_status":"closed","ping_status":"closed","template":"","meta":{"footnotes":""},"class_list":["post-476","page","type-page","status-publish","hentry"],"jetpack_sharing_enabled":true,"_links":{"self":[{"href":"https:\/\/www.mysakids.ch\/index.php?rest_route=\/wp\/v2\/pages\/476","targetHints":{"allow":["GET"]}}],"collection":[{"href":"https:\/\/www.mysakids.ch\/index.php?rest_route=\/wp\/v2\/pages"}],"about":[{"href":"https:\/\/www.mysakids.ch\/index.php?rest_route=\/wp\/v2\/types\/page"}],"author":[{"embeddable":true,"href":"https:\/\/www.mysakids.ch\/index.php?rest_route=\/wp\/v2\/users\/1"}],"replies":[{"embeddable":true,"href":"https:\/\/www.mysakids.ch\/index.php?rest_route=%2Fwp%2Fv2%2Fcomments&post=476"}],"version-history":[{"count":121,"href":"https:\/\/www.mysakids.ch\/index.php?rest_route=\/wp\/v2\/pages\/476\/revisions"}],"predecessor-version":[{"id":1398,"href":"https:\/\/www.mysakids.ch\/index.php?rest_route=\/wp\/v2\/pages\/476\/revisions\/1398"}],"wp:attachment":[{"href":"https:\/\/www.mysakids.ch\/index.php?rest_route=%2Fwp%2Fv2%2Fmedia&parent=476"}],"curies":[{"name":"wp","href":"https:\/\/api.w.org\/{rel}","templated":true}]}}